
True
Let n(k) = 805*k - 22. Let c(u) = -1. Let h(d) = -5*c(d) - n(d). Is h(-2) a prime number?
True
Let n = 61 - 57. Suppose n*d = -0*d + 2684. Is d a composite number?
True
Suppose -13*k - 1209 = -10*k - l, k + 2*l + 403 = 0. Let a = k - -1680. Is a a composite number?
False
Let v be (-3)/(55/(-44)*12/50). Is (v/(-50))/((-2)/43910) composite?
False
Let o = -261 + 255. Let b(g) = 734*g**2 + 12*g - 15. Is b(o) a prime number?
False
Let u(z) be the second derivative of z**5/20 + 19*z**4/12 - z**3/6 - 5*z**2 - 69*z - 1. Suppose -5*b = -n + 16, 0 = -b - 4*b - 25. Is u(n) a composite number?
False
Let r = -18177 + 30050. Is r prime?
False
Suppose -184*k = -136*k - 4698768. Is k composite?
True
Suppose y = -5*n + 276104, -4*y + 1104326 = 1131*n - 1129*n. Is y composite?
False
Let i(y) = 192*y**2 + 51*y + 427. Is i(-12) prime?
False
Suppose -2*p + 156 = -250. Suppose -1255 = -3*v + p. Is 7/7*(v - -1) prime?
True
Suppose -2*a + 11 = 3*h - 0*a, 0 = -4*h - a + 23. Let f(o) = 11*o**3 - 5*o**2 - 18*o + 11. Is f(h) composite?
False
Let t(v) = -3*v**3 + 23*v**2 + 9*v - 10. Let k(a) = -a - 10. Let m be k(-20). Let j be t(m). Is 0 + 2 - 1*j/1 composite?
True
Let d = 131983 - 50738. Is d a composite number?
True
Suppose -4*f = -3*p - 69176, 3*f + 4*p = 38459 + 13398. Is f a prime number?
True
Let b be 8/(-64) + (-3)/(-24). Suppose 3*v + 6 = 0, 4*v = 5*t - b*t - 52803. Is t composite?
False
Let z be (-8)/(5 + -13) - -185969. Suppose 0 = 4*v + 3*h - z, 3*v - h - 62388 = 77083. Is v composite?
True
Let x(c) = -87*c - 31*c - 46*c + 71. Is x(-13) prime?
True
Suppose 0*z - 6074 = -5*i + 3*z, 0 = 4*i + z - 4866. Suppose -i = 7*j - 5654. Is j a prime number?
False
Let g(s) = -3*s**3 - 21*s**2 + 5*s + 2. Let c be g(-7). Let b(i) = -i**3 - 34*i**2 - 42*i + 50. Is b(c) a prime number?
True
Let d(t) = t**3 + 5*t**2 - 9*t + 28. Let q be d(-7). Is ((-39470)/(-35))/((-2)/q) a prime number?
True
Let c be (-4)/((1/216)/1). Suppose -16*a + 24*a = 11048. Let o = a + c. Is o a prime number?
False
Suppose -h = 5*d + 32, -45 = 3*h - 2*d - 0*d. Let g be (h - -16)*(-2)/(4/58). Let a = 106 - g. Is a prime?
False
Let h(t) = 10*t**2 + 4*t + 221. Is h(12) a prime number?
True
Let o = -37321 - -64560. Is o a prime number?
True
Let d(j) = -4206*j + 1199. Is d(-18) a composite number?
False
Let g = -19025 - -209211. Is g a prime number?
False
Let m = -21 - -26. Suppose -m*g + 9*g = 1872. Let f = 1511 - g. Is f prime?
False
Let q = 2 + -2. Suppose -3*x = q, 3*p + 5*x - 7554 = x. Is p composite?
True
Suppose -16477 + 111819 = -19*d. Let w = -4580 + 1615. Let u = w - d. Is u a composite number?
False
Let c(q) = -115*q - 156. Suppose 7 = 6*g - 7*g. Is c(g) composite?
True
Let i be 5*(-5)/((-10)/(-4)). Let j be (25/i)/(2/(-268)). Suppose j = 3*y + 2*y. Is y a prime number?
True
Let u(v) = -2*v**3 + 4*v**2 - 4*v + 16. Let z be u(-15). Suppose 9558 = 4*h - z. Is h a prime number?
False
Let o(v) = -36*v - 23. Let n be (0 - -12)*5/(-2). Let d = 17 + n. Is o(d) composite?
True
Suppose -m - 360 = -2*b + 5*b, 1115 = -3*m - 2*b. Let k = 2201 + m. Is k + (3 - 24/10)*5 prime?
False
Suppose 0 = -4*f - 3*m + 240, 4*f = 2*f + 4*m + 98. Let w = 107 - f. Let i = 117 - w. Is i a composite number?
False
Let n(l) = -39*l**3 - 2*l**2 - 186*l - 1761. Is n(-10) prime?
False
Let n(z) = 11*z - 64. Let j be n(6). Suppose 0 = -5*i - s + 12412, -j*i = s - 2*s - 4969. Is i a prime number?
False
Let u be 7 + -3 + 3 + -7. Let d(h) = -h**2 - 3*h + 3551. Is d(u) a composite number?
True
Suppose -3*x - 2*w = -605639, -2*w + 403768 = 2*x - 5*w. Is x prime?
True
Suppose -1 - 11 = 2*i. Let t be ((-3)/i)/(2/1272). Let x = -212 + t. Is x prime?
False
Suppose -19*h - 176198 = -2*k - 15*h, -3*h - 176195 = -2*k. Is k composite?
False
Is 222758 - ((-31 - -9) + 7) prime?
True
Let u(l) = 7859*l**3 - 9*l**2 + 31*l - 14. Is u(5) composite?
True
Let w(j) = -4315*j + 819367. Is w(0) composite?
False
Let s = 263 - 254. Let n(t) = 840*t + 49. Is n(s) a composite number?
True
Let p = -49 - -49. Let x = p + 1. Is (x + 0)/(10/11110) composite?
True
Suppose -y = -a + 5075, -3*y - a = 6520 + 8721. Let g = y - -7128. Is g prime?
False
Suppose 30*z = 18*z + 64212. Is z prime?
True
Is ((-9)/27)/(1/(2857962/(-17147774)) + 6) a composite number?
True
Let y(b) = 66*b - 105*b + 54*b - 15 + b**2. Is y(7) a prime number?
True
Suppose -25*j + 198397 + 347367 = 69*j. Is j prime?
False
Let i(t) be the second derivative of 253*t**4/12 + 2*t**3/3 + 2*t**2 - 13*t. Suppose 4*l + 4 = -0*l. Is i(l) prime?
False
Let b(l) = -143*l**3 - l**2 - 43*l - 334. Is b(-7) a composite number?
True
Let u(v) = v**3 - 8*v**2 + v - 3. Let y be u(8). Let s(k) = 6*k**3 - 5*k**2 - 4*k + 28. Is s(y) composite?
True
Suppose 7*x - 620 = 3*x. Let u(z) = 2*z - 25. Let r be u(19). Suppose 8*m + x = r*m. Is m a prime number?
True
Let h = 1901518 - 916656. Is h a prime number?
False
Suppose 52*d - 49*d = 101970. Suppose -25*o - 9115 = -d. Is o composite?
True
Let t(r) = 15*r**2 - 5. Let b(x) = 4*x + 4. Let w be b(-2). Let q be t(w). Suppose 2*d + o = 3*d - q, 243 = d + o. Is d composite?
False
Suppose t + 7 = -3*v, -v - 4*v = 5*t + 85. Is 14/((-54)/574 - t/154) a prime number?
False
Is -446*(9627/(-9)*-6)/(-4) a prime number?
False
Let k = -38 + 105. Let y be (-3)/2*-2 - k. Let j = y - -126. Is j a prime number?
False
Suppose -4*a = -r + 54609, 0 = 5*r - 29*a + 30*a - 272940. Is r a composite number?
True
Let m be (1/(-2))/(10/40). Is ((-102)/(-24) - (1 - m))*92 composite?
True
Suppose 73*v + 11772992 = 5*d + 70*v, 5*d - 4*v = 11772991. Is d prime?
False
Suppose 4*v + 846 = -5*v. Suppose 5*m - 5*g = 406 + 924, 3*m - 774 = -5*g. Let o = m + v. Is o a composite number?
True
Suppose -34*h + 1477 = 287. Let f = -71 + 127. Let m = f - h. Is m a composite number?
True
Suppose 0 = 2*n - 10, 0 = -2*t - 10*n + 15*n + 397. Is t prime?
True
Let p(g) = -1678*g - 127. Let a be p(3). Let m = a + 10898. Is m a prime number?
True
Let y(t) = t**3 - 3*t**2 + 3*t - 4. Suppose 0 = -o - 3*z - 6, 0 = -3*o + 2*z + 18 - 3. Let f be y(o). Let w(v) = 9*v**2 - 4*v + 16. Is w(f) a prime number?
False
Let w = -11 - -11. Suppose -3*b = -2*z + 11 - 1, w = z + 3*b - 5. Suppose -z*p + 856 + 234 = 0. Is p prime?
False
Suppose -7486152 = -49*p + 24977165 - 911286. Is p a composite number?
False
Let s = 26 - -2158. Suppose 0 = 6*f - s - 4398. Is f composite?
False
Let m(j) = j**3 + 9*j**2 - 3*j - 6. Suppose -3*u - 14 = -u - 5*b, -2*b + 5 = -u. Suppose -13 = u*d + 14. Is m(d) a composite number?
True
Suppose -27*x + 342 = 11*x. Let z(g) be the first derivative of 2*g**3 - 11*g**2/2 - 16*g + 1. Is z(x) prime?
False
Suppose 0 = -5*u + 15, -u + 24 + 699 = 3*n. Let b = n - -2626. Is b prime?
False
Suppose -56*g + 60*g = -2*f + 390806, 21 = 3*g. Is f a prime number?
True
Let p(z) = 7404*z + 3973. Is p(18) a prime number?
False
Let j(u) = -1822*u + 4329. Is j(-82) composite?
False
Let c = 668966 + -259845. Is c prime?
True
Let y be (-1191)/(-4)*560/42. Is (22/(-4))/((-5)/y) a prime number?
False
Let q(n) = 3451*n - 2208. Is q(65) a composite number?
False
Suppose 2*c - 10 = 0, -186722 = -5*v + 3*c + 121218. Is v composite?
True
Suppose -11*o + 12*o = 1691. Let c = 1916 + o. Is c prime?
True
Let b be 16/(4*(-6)/(-84)). Is (42/b)/(6/27592) composite?
False
Let d = -624 + 781. Suppose -172*o = -d*o - 77985. Is o a prime number?
False
Is (216818/(-14))/(2/(-4)) + -3 a composite number?
False
Suppose 10*m = 78 - 28. Let u(d) be the first derivative of 104*d**3/3 + 5*d**2/2 - 10*d - 1. Is u(m) composite?
True
Let l be 1/6 - 159/(-18). Suppose l*x = 189245 + 592. Suppose -x = -10*h + 4057. Is h composite?
True
Let q(n) be the first derivative of 11*n**5/20 + n**4/6 + n**3/2 - 3*n**2 - 7. Let u(i) be the second derivative of q(i). Is u(-2) a composite number?
False
Let p(m) = m**3 + 3*m**2 + 4*m + 3. Let c be p(-2). Let s be 23 + (-7 - -3 - c). Is -3 + (-3 - s/(-12))*-447 composite?
False
Suppose -4*q - 59828 = -2*y - 0*q, 3*q = 4*y - 119636. Suppose 18*f - 99008 = -y. Is f composite?
True
Let u(z) = 272*z**2 + 7*z + 42. Let g be u(-4). Suppose -g - 7483 = -17*s. Is s a prime number?
False
Suppose -47*d + 16*d + 15607477 = 0. Is d prime?
False
Let d = 8 - 5. Suppose -d*m - 2*m = 20. Is (-2938)/m + 6/(-4) composite?
False
Let w be (-6)/(